107
List the prime factors of 121286.
2, 11, 37, 149
List the prime factors of 1063.
1063
What are the prime factors of 37873?
11, 313
What are the prime factors of 843?
3, 281
What are the prime factors of 127750?
2, 5, 7, 73
What are the prime factors of 321?
3, 107
What are the prime factors of 844?
2, 211
What are the prime factors of 2844?
2, 3, 79
List the prime factors of 14838.
2, 3, 2473
List the prime factors of 770.
2, 5, 7, 11
List the prime factors of 49190.
2, 5, 4919
List the prime factors of 458.
2, 229
What are the prime factors of 4138?
2, 2069
List the prime factors of 55371.
3, 18457
What are the prime factors of 2197?
13
What are the prime factors of 99037?
97, 1021
What are the prime factors of 3694?
2, 1847
List the prime factors of 44311.
73, 607
List the prime factors of 1435.
5, 7, 41
What are the prime factors of 3667?
19, 193
What are the prime factors of 879?
3, 293
What are the prime factors of 393?
3, 131
What are the prime factors of 1824?
2, 3, 19
What are the prime factors of 945?
3, 5, 7
List the prime factors of 46999.
43, 1093
List the prime factors of 101506.
2, 50753
List the prime factors of 22297.
11, 2027
List the prime factors of 4614.
2, 3, 769
What are the prime factors of 50798?
2, 11, 2309
What are the prime factors of 33885?
3, 5, 251
What are the prime factors of 1210?
2, 5, 11
What are the prime factors of 9394?
2, 7, 11, 61
List the prime factors of 1330.
2, 5, 7, 19
List the prime factors of 11319.
3, 7, 11
What are the prime factors of 27613?
53, 521
What are the prime factors of 1222?
2, 13, 47
List the prime factors of 53865.
3, 5, 7, 19
List the prime factors of 971.
971
What are the prime factors of 6838?
2, 13, 263
What are the prime factors of 4365?
3, 5, 97
List the prime factors of 42735.
3, 5, 7, 11, 37
List the prime factors of 125725.
5, 47, 107
List the prime factors of 714.
2, 3, 7, 17
List the prime factors of 1285.
5, 257
List the prime factors of 1192.
2, 149
What are the prime factors of 9752?
2, 23, 53
What are the prime factors of 3979?
23, 173
What are the prime factors of 8394?
2, 3, 1399
What are the prime factors of 30206?
2, 11, 1373
List the prime factors of 12730.
2, 5, 19, 67
What are the prime factors of 19442?
2, 9721
What are the prime factors of 3632?
2, 227
List the prime factors of 19112.
2, 2389
List the prime factors of 997.
997
What are the prime factors of 49225?
5, 11, 179
List the prime factors of 3095.
5, 619
What are the prime factors of 36014?
2, 11, 1637
List the prime factors of 2372.
2, 593
List the prime factors of 960.
2, 3, 5
What are the prime factors of 1539?
3, 19
What are the prime factors of 14277?
3, 4759
What are the prime factors of 14713?
14713
What are the prime factors of 72391?
11, 6581
List the prime factors of 1364.
2, 11, 31
List the prime factors of 32464.
2, 2029
What are the prime factors of 18364?
2, 4591
List the prime factors of 2903.
2903
What are the prime factors of 28923?
3, 31, 311
List the prime factors of 93644.
2, 41, 571
List the prime factors of 1060.
2, 5, 53
What are the prime factors of 18631?
31, 601
What are the prime factors of 3379?
31, 109
List the prime factors of 4561.
4561
List the prime factors of 5979.
3, 1993
What are the prime factors of 1512?
2, 3, 7
What are the prime factors of 2256?
2, 3, 47
List the prime factors of 51.
3, 17
List the prime factors of 1519.
7, 31
What are the prime factors of 958?
2, 479
What are the prime factors of 99441?
3, 29, 127
What are the prime factors of 3225?
3, 5, 43
What are the prime factors of 8509?
67, 127
List the prime factors of 6613.
17, 389
List the prime factors of 1264.
2, 79
What are the prime factors of 1527?
3, 509
What are the prime factors of 294?
2, 3, 7
List the prime factors of 47631.
3, 15877
What are the prime factors of 2187?
3
What are the prime factors of 1037?
17, 61
List the prime factors of 46885.
5, 9377
What are the prime factors of 8170?
2, 5, 19, 43
What are the prime factors of 6449?
6449
What are the prime factors of 6999?
3, 2333
List the prime factors of 1873.
1873
What are the prime factors of 5308?
2, 1327
What are the prime factors of 1696?
2, 53
List the prime factors of 2918.
2, 1459
List the prime factors of 828.
2, 3, 23
List the prime factors of 134665.
5, 23, 1171
What are the prime factors of 956?
2, 239
What are the prime factors of 49875?
3, 5, 7, 19
What are the prime factors of 277?
277
List the prime factors of 134084.
2, 33521
What are the prime factors of 5507?
5507
List the prime factors of 16578.
2, 3, 307
What are the prime factors of 58?
2, 29
List the prime factors of 9647.
11, 877
List the prime factors of 4818.
2, 3, 11, 73
What are the prime factors of 552?
2, 3, 23
List the prime factors of 1728.
2, 3
List the prime factors of 4543.
7, 11, 59
List the prime factors of 129.
3, 43
List the prime factors of 8311.
8311
What are the prime factors of 79285?
5, 101, 157
List the prime factors of 132342.
2, 3, 7, 23, 137
List the prime factors of 24369.
3, 8123
List the prime factors of 7362.
2, 3, 409
What are the prime factors of 1382?
2, 691
What are the prime factors of 2940?
2, 3, 5, 7
List the prime factors of 226.
2, 113
What are the prime factors of 4498?
2, 13, 173
List the prime factors of 1124.
2, 281
List the prime factors of 6057.
3, 673
What are the prime factors of 21?
3, 7
List the prime factors of 2408.
2, 7, 43
What are the prime factors of 1463?
7, 11, 19
List the prime factors of 13413.
3, 17, 263
What are the prime factors of 57862?
2, 7, 4133
What are the prime factors of 1326?
2, 3, 13, 17
What are the prime factors of 164514?
2, 3, 7, 3917
List the prime factors of 54284.
2, 41, 331
What are the prime factors of 1122?
2, 3, 11, 17
List the prime factors of 2305.
5, 461
What are the prime factors of 242?
2, 11
What are the prime factors of 1782?
2, 3, 11
List the prime factors of 3092.
2, 773
List the prime factors of 1734.
2, 3, 17
List the prime factors of 129986.
2, 103, 631
List the prime factors of 39900.
2, 3, 5, 7, 19
List the prime factors of 18952.
2, 23, 103
List the prime factors of 23972.
2, 13, 461
What are the prime factors of 2842?
2, 7, 29
What are the prime factors of 12142?
2, 13, 467
List the prime factors of 23066.
2, 19, 607
What are the prime factors of 555?
3, 5, 37
What are the prime factors of 31517?
31517
What are the prime factors of 88474?
2, 31, 1427
What are the prime factors of 3826?
2, 1913
What are the prime factors of 56933?
17, 197
List the prime factors of 185921.
89, 2089
List the prime factors of 2716.
2, 7, 97
What are the prime factors of 1954?
2, 977
What are the prime factors of 34081?
173, 197
What are the prime factors of 33559?
37, 907
What are the prime factors of 69937?
7, 97, 103
What are the prime factors of 11683?
7, 1669
List the prime factors of 1136.
2, 71
List the prime factors of 1011.
3, 337
List the prime factors of 38365.
5, 7673
List the prime factors of 1433.
1433
What are the prime factors of 3616?
2, 113
What are the prime factors of 162?
2, 3
What are the prime factors of 6514?
2, 3257
List the prime factors of 2194.
2, 1097
List the prime factors of 2170.
2, 5, 7, 31
What are the prime factors of 4250?
2, 5, 17
What are the prime factors of 13029?
3, 43, 101
List the prime factors of 145182.
2, 3, 24197
What are the prime factors of 16321?
19, 859
What are the prime factors of 1808?
2, 113
List the prime factors of 856.
2, 107
What are the prime factors of 5080?
2, 5, 127
What are the prime factors of 812?
2, 7, 29
List the prime factors of 6194.
2, 19, 163
List the prime factors of 7266.
2, 3, 7, 173
List the prime factors of 371.
7, 53
What are the prime factors of 16441?
41, 401
What are the prime factors of 940?
2, 5, 47
List the prime factors of 4787.
4787
List the prime factors of 9509.
37, 257
What are the prime factors of 20839?
7, 13, 229
List the prime factors of 17524.
2, 13, 337
List the prime factors of 2093.
7, 13, 23
What are the prime factors of 21069?
3, 2341
List the prime factors of 73565.
5, 14713
What are the prime factors of 43055?
5, 79, 109
What are the prime factors of 20332?
2, 13, 17, 23
List the prime factors of 26579.
7, 3797
List the prime factors of 225.
3, 5
List the prime factors of 1265.
5,